f 90928 and 16?
16
What is the highest common factor of 25 and 280?
5
What is the highest common divisor of 15 and 5010?
15
Calculate the highest common divisor of 10485 and 135.
45
Calculate the highest common factor of 120 and 660.
60
Calculate the greatest common factor of 35 and 775.
5
Calculate the highest common factor of 6026 and 262.
262
What is the highest common factor of 24 and 9?
3
Calculate the highest common divisor of 56 and 126.
14
What is the greatest common divisor of 128 and 24?
8
Calculate the greatest common divisor of 280 and 340.
20
What is the highest common factor of 273 and 78?
39
Calculate the highest common factor of 23 and 1219.
23
Calculate the greatest common factor of 44 and 76.
4
Calculate the greatest common factor of 3772 and 368.
92
What is the greatest common factor of 600 and 2775?
75
Calculate the greatest common divisor of 36 and 153.
9
What is the greatest common divisor of 110 and 170?
10
What is the greatest common factor of 208 and 1196?
52
What is the highest common factor of 26 and 31811?
13
What is the greatest common factor of 20 and 2750?
10
What is the greatest common factor of 126 and 448?
14
What is the highest common divisor of 341 and 31?
31
What is the greatest common divisor of 108 and 8?
4
What is the greatest common divisor of 8 and 632?
8
What is the highest common divisor of 77 and 854?
7
What is the highest common factor of 2106 and 26?
26
Calculate the highest common divisor of 3825 and 170.
85
What is the greatest common divisor of 71 and 639?
71
Calculate the highest common divisor of 405 and 162.
81
Calculate the greatest common factor of 1358 and 28.
14
What is the greatest common factor of 7 and 6209?
7
Calculate the greatest common divisor of 5566 and 484.
242
Calculate the greatest common divisor of 20 and 2700.
20
What is the greatest common factor of 4356 and 576?
36
What is the highest common divisor of 255 and 30?
15
What is the greatest common divisor of 810 and 315?
45
Calculate the greatest common divisor of 1302 and 42.
42
What is the highest common factor of 14 and 231?
7
What is the highest common factor of 48 and 1392?
48
What is the highest common divisor of 72 and 72396?
36
Calculate the greatest common divisor of 4102 and 70.
14
Calculate the highest common factor of 8791 and 447.
149
Calculate the greatest common divisor of 12 and 15.
3
Calculate the highest common factor of 52 and 104.
52
Calculate the highest common factor of 1056 and 11.
11
Calculate the highest common divisor of 3 and 771.
3
What is the highest common divisor of 20 and 20?
20
Calculate the greatest common factor of 41 and 3608.
41
What is the greatest common divisor of 68 and 1292?
68
Calculate the highest common factor of 4 and 324.
4
Calculate the highest common divisor of 192 and 2484.
12
What is the highest common factor of 11 and 13882?
11
What is the highest common divisor of 120 and 32?
8
Calculate the highest common divisor of 340 and 272.
68
Calculate the greatest common divisor of 31052 and 28.
28
Calculate the greatest common divisor of 12 and 20.
4
What is the highest common factor of 42 and 2100?
42
What is the highest common factor of 406 and 58?
58
What is the greatest common divisor of 48 and 608?
16
What is the highest common factor of 10 and 8390?
10
What is the highest common divisor of 209 and 55?
11
Calculate the greatest common factor of 300 and 108.
12
Calculate the greatest common divisor of 2 and 188.
2
Calculate the greatest common factor of 44 and 1.
1
Calculate the greatest common factor of 284 and 6390.
142
Calculate the highest common factor of 47 and 7614.
47
Calculate the greatest common factor of 18 and 57510.
18
What is the greatest common divisor of 4 and 33388?
4
What is the highest common divisor of 116 and 1856?
116
What is the greatest common divisor of 26 and 299?
13
What is the highest common factor of 470 and 1645?
235
Calculate the greatest common factor of 3 and 42.
3
What is the greatest common divisor of 32 and 848?
16
What is the highest common divisor of 33 and 15?
3
Calculate the greatest common factor of 115 and 1311.
23
What is the highest common factor of 76 and 2166?
38
Calculate the highest common divisor of 118 and 5782.
118
Calculate the greatest common divisor of 2856 and 24.
24
What is the highest common factor of 1285 and 5?
5
Calculate the highest common factor of 900 and 8640.
180
Calculate the highest common factor of 7232 and 113.
113
Calculate the highest common factor of 24 and 1224.
24
Calculate the greatest common factor of 2726 and 846.
94
Calculate the greatest common divisor of 100 and 4.
4
Calculate the greatest common divisor of 76 and 57836.
76
What is the greatest common factor of 3774 and 102?
102
What is the highest common divisor of 855 and 65?
5
Calculate the highest common factor of 365 and 219.
73
What is the greatest common factor of 387 and 215?
43
Calculate the greatest common factor of 32 and 24.
8
Calculate the highest common divisor of 5 and 205.
5
What is the highest common factor of 37 and 24383?
37
Calculate the highest common factor of 10 and 490.
10
What is the greatest common divisor of 7 and 15127?
7
Calculate the greatest common divisor of 16 and 4880.
16
What is the highest common factor of 343 and 441?
49
What is the highest common divisor of 845 and 5?
5
What is the greatest common divisor of 585 and 90?
45
Calculate the greatest common factor of 162 and 72.
18
Calculate the greatest common divisor of 10 and 6150.
10
Calculate the greatest common divisor of 612 and 252.
36
What is the greatest common divisor of 1900 and 60?
20
Calculate the highest common factor of 20 and 18460.
20
What is the highest common divisor of 5 and 1375?
5
Calculate the highest common factor of 28644 and 154.
154
What is the greatest common factor of 308 and 44?
44
Calculate the highest common factor of 10179 and 348.
87
Calculate the greatest common divisor of 296 and 64.
8
What is the highest common divisor of 36625 and 125?
125
Calculate the highest common divisor of 18 and 18.
18
Calculate the highest common divisor of 155 and 10.
5
What is the greatest common factor of 11189 and 501?
167
What is the highest common divisor of 307 and 2?
1
What is the highest common divisor of 10 and 94?
2
What is the highest common divisor of 7571 and 1017?
113
Calculate the greatest common divisor of 160 and 110.
10
Calculate the greatest common factor of 756 and 364.
28
Calculate the highest common factor of 2372 and 8.
4
Calculate the highest common divisor of 120 and 870.
30
What is the highest common factor of 72 and 657?
9
What is the highest common factor of 7296 and 256?
128
Calculate the highest common factor of 20 and 500.
20
Calculate the greatest common divisor of 88 and 484.
44
Calculate the highest common factor of 16 and 7944.
8
What is the highest common divisor of 540 and 30?
30
What is the highest common divisor of 23 and 1817?
23
What is the highest common divisor of 15 and 155?
5
Calculate the greatest common factor of 60 and 74940.
60
Calculate the highest common divisor of 4239 and 54.
27
Calculate the greatest common divisor of 481 and 74.
37
What is the highest common factor of 135 and 6?
3
What is the greatest common divisor of 1729 and 91?
91
What is the highest common divisor of 2445 and 15?
15
What is the greatest common factor of 36 and 48?
12
Calculate the highest common divisor of 266 and 175.
7
What is the highest common factor of 192 and 72?
24
What is the greatest common factor of 54 and 702?
54
What is the highest common factor of 2 and 8?
2
Calculate the greatest common divisor of 481 and 37.
37
Calculate the highest common factor of 1326 and 624.
78
What is the highest common divisor of 4000 and 2125?
125
What is the highest common factor of 96 and 5232?
48
What is the greatest common divisor of 551 and 29?
29
What is the highest common divisor of 47 and 35?
1
What is the greatest common divisor of 250 and 80?
10
Calculate the greatest common divisor of 153 and 238.
17
Calculate the highest common divisor of 1736 and 56.
56
Calculate the greatest common divisor of 100 and 20.
20
Calculate the highest common factor of 14 and 1750.
14
What is the greatest common divisor of 156 and 1833?
39
Ca